    {"id":3525,"date":"2022-01-18T12:35:00","date_gmt":"2022-01-18T12:35:00","guid":{"rendered":"http:\/\/localhost:10023\/info-collection\/manifiesto-europeo-de-la-industria-de-la-construccion-para-la-digitalizacion\/"},"modified":"2023-11-17T14:22:39","modified_gmt":"2023-11-17T14:22:39","slug":"manifiesto-europeo-de-la-industria-de-la-construccion-para-la-digitalizacion","status":"publish","type":"info-collection","link":"https:\/\/globalbim.org\/es\/info-collection\/manifiesto-europeo-de-la-industria-de-la-construccion-para-la-digitalizacion\/","title":{"rendered":"Manifiesto europeo de la industria de la construcci\u00f3n para la digitalizaci\u00f3n"},"content":{"rendered":"<p>En 2018, cuatro grandes federaciones europeas de la industria, CECE, Construction Products Europe, EBC y FIEC, organizaron un evento conjunto en el marco de los &#8220;D\u00edas de la Industria de la UE&#8221; para debatir un enfoque com\u00fan hacia la digitalizaci\u00f3n para la industria de la construcci\u00f3n.<\/p>\n<p>En colaboraci\u00f3n con otras organizaciones de la cadena de valor de la construcci\u00f3n, se public\u00f3 el documento &#8220;Una construcci\u00f3n m\u00e1s inteligente, una econom\u00eda m\u00e1s fuerte, una sociedad inclusiva: el manifiesto europeo de la industria de la construcci\u00f3n para la digitalizaci\u00f3n&#8221;.<\/p>\n<p>Cont\u00f3 con el apoyo de 23 organizaciones industriales europeas, que representaban a toda una serie de partes interesadas dentro de la cadena de valor de la construcci\u00f3n.<\/p>\n<p>El manifiesto expone por qu\u00e9 la digitalizaci\u00f3n del sector de la construcci\u00f3n debe ser una de las principales prioridades de la agenda pol\u00edtica de la UE porque:<\/p>\n<ul>\n<li>la Uni\u00f3n Europea debe asumir el liderazgo pol\u00edtico en materia de construcci\u00f3n digital<\/li>\n<li>es necesario un marco normativo adecuado en materia de pol\u00edtica de datos<\/li>\n<li>el nuevo presupuesto de la UE debe centrarse en las competencias digitales, la I+D y el despliegue de infraestructuras inform\u00e1ticas.<\/li>\n<\/ul>\n<p><a href=\"https:\/\/www.fiec.eu\/library\/manifestos\/joint-manifesto-digitalisation-construction-industry\" target=\"_blank\" rel=\"noopener\">https:\/\/www.fiec.eu\/library\/manifestos\/joint-manifesto-digitalisation-construction-industry<\/a><\/p>\n","protected":false},"featured_media":0,"template":"","info-category":[9],"info-country":[],"info-level":[17],"info-region":[19],"info-type":[27],"info-state":[82,83],"class_list":["post-3525","info-collection","type-info-collection","status-publish","hentry","info-category-capability-capacity-building","info-level-regional-level","info-region-europe","info-type-strategy","info-state-justifying","info-state-mobilising"],"acf":[],"aioseo_notices":[],"tpgb_featured_images":null,"tpgb_post_meta_info":{"get_date":"18 January 2022","category_list":{"info-category":[{"term_id":9,"name":"Capability &amp; Capacity Building","slug":"capability-capacity-building","term_group":0,"term_taxonomy_id":9,"taxonomy":"info-category","description":"","parent":0,"count":152,"filter":"raw"}],"info-country":false,"info-level":[{"term_id":17,"name":"Regional level","slug":"regional-level","term_group":0,"term_taxonomy_id":17,"taxonomy":"info-level","description":"","parent":0,"count":30,"filter":"raw"}],"info-region":[{"term_id":19,"name":"Europe","slug":"europe","term_group":0,"term_taxonomy_id":19,"taxonomy":"info-region","description":"","parent":0,"count":563,"filter":"raw"}],"info-type":[{"term_id":27,"name":"Strategy","slug":"strategy","term_group":0,"term_taxonomy_id":27,"taxonomy":"info-type","description":"","parent":0,"count":94,"filter":"raw"}],"info-state":[{"term_id":82,"name":"Justifying","slug":"justifying","term_group":0,"term_taxonomy_id":82,"taxonomy":"info-state","description":"","parent":0,"count":107,"filter":"raw"},{"term_id":83,"name":"Mobilising","slug":"mobilising","term_group":0,"term_taxonomy_id":83,"taxonomy":"info-state","description":"","parent":0,"count":243,"filter":"raw"}]},"comment_count":0,"post_likes":0,"post_views":0},"tpgb_post_category":{"info-category":"<a href=\"https:\/\/globalbim.org\/news\/info-category\/capability-capacity-building\/\" alt=\"Capability &amp; Capacity Building\" class=\"info-category-capability-capacity-building\">Capability &amp; Capacity Building<\/a> ","info-level":"<a href=\"https:\/\/globalbim.org\/news\/info-level\/regional-level\/\" alt=\"Regional level\" class=\"info-level-regional-level\">Regional level<\/a> ","info-region":"<a href=\"https:\/\/globalbim.org\/news\/info-region\/europe\/\" alt=\"Europe\" class=\"info-region-europe\">Europe<\/a> ","info-type":"<a href=\"https:\/\/globalbim.org\/news\/info-type\/strategy\/\" alt=\"Strategy\" class=\"info-type-strategy\">Strategy<\/a> ","info-state":"<a href=\"https:\/\/globalbim.org\/news\/info-state\/justifying\/\" alt=\"Justifying\" class=\"info-state-justifying\">Justifying<\/a> <a href=\"https:\/\/globalbim.org\/news\/info-state\/mobilising\/\" alt=\"Mobilising\" class=\"info-state-mobilising\">Mobilising<\/a> "},"_links":{"self":[{"href":"https:\/\/globalbim.org\/es\/wp-json\/wp\/v2\/information-collection\/3525"}],"collection":[{"href":"https:\/\/globalbim.org\/es\/wp-json\/wp\/v2\/information-collection"}],"about":[{"href":"https:\/\/globalbim.org\/es\/wp-json\/wp\/v2\/types\/info-collection"}],"wp:attachment":[{"href":"https:\/\/globalbim.org\/es\/wp-json\/wp\/v2\/media?parent=3525"}],"wp:term":[{"taxonomy":"info-category","embeddable":true,"href":"https:\/\/globalbim.org\/es\/wp-json\/wp\/v2\/info-category?post=3525"},{"taxonomy":"info-country","embeddable":true,"href":"https:\/\/globalbim.org\/es\/wp-json\/wp\/v2\/info-country?post=3525"},{"taxonomy":"info-level","embeddable":true,"href":"https:\/\/globalbim.org\/es\/wp-json\/wp\/v2\/info-level?post=3525"},{"taxonomy":"info-region","embeddable":true,"href":"https:\/\/globalbim.org\/es\/wp-json\/wp\/v2\/info-region?post=3525"},{"taxonomy":"info-type","embeddable":true,"href":"https:\/\/globalbim.org\/es\/wp-json\/wp\/v2\/info-type?post=3525"},{"taxonomy":"info-state","embeddable":true,"href":"https:\/\/globalbim.org\/es\/wp-json\/wp\/v2\/info-state?post=3525"}],"curies":[{"name":"wp","href":"https:\/\/api.w.org\/{rel}","templated":true}]}}

Manifiesto europeo de la industria de la construcción para la digitalización

<p>En 2018, cuatro grandes federaciones europeas de la industria, CECE, Construction Products Europe, EBC y FIEC, organizaron un evento conjunto en el marco de los &#8220;Días de la Industria de la UE&#8221; para debatir un enfoque común hacia la digitalización para la industria de la construcción.</p>
<p>En colaboración con otras organizaciones de la cadena de valor de la construcción, se publicó el documento &#8220;Una construcción más inteligente, una economía más fuerte, una sociedad inclusiva: el manifiesto europeo de la industria de la construcción para la digitalización&#8221;.</p>
<p>Contó con el apoyo de 23 organizaciones industriales europeas, que representaban a toda una serie de partes interesadas dentro de la cadena de valor de la construcción.</p>
<p>El manifiesto expone por qué la digitalización del sector de la construcción debe ser una de las principales prioridades de la agenda política de la UE porque:</p>
<ul>
<li>la Unión Europea debe asumir el liderazgo político en materia de construcción digital</li>
<li>es necesario un marco normativo adecuado en materia de política de datos</li>
<li>el nuevo presupuesto de la UE debe centrarse en las competencias digitales, la I+D y el despliegue de infraestructuras informáticas.</li>
</ul>
<p><a href="https://www.fiec.eu/library/manifestos/joint-manifesto-digitalisation-construction-industry" target="_blank" rel="noopener">https://www.fiec.eu/library/manifestos/joint-manifesto-digitalisation-construction-industry</a></p>
